{"id":578,"date":"2019-06-27T11:25:14","date_gmt":"2019-06-27T09:25:14","guid":{"rendered":"http:\/\/wir-sind-merklinde.de\/?post_type=tribe_events&#038;p=578"},"modified":"2019-10-18T20:01:45","modified_gmt":"2019-10-18T18:01:45","slug":"dorfabend-2","status":"publish","type":"tribe_events","link":"https:\/\/wir-sind-merklinde.de\/?tribe_events=dorfabend-2","title":{"rendered":"Dorfabend im Oktober &#8211; f\u00e4llt leider aus!"},"content":{"rendered":"<p>Der geplante Dorfabend muss leider ausfallen.<\/p>\n<p>Da zur Zeit Renovierungsarbeiten im Vereinsheim des SuS Merklinde stattfinden, steht dieses nicht zur Verf\u00fcgung.<\/p>\n<p>Wir bitten um Euer Verst\u00e4ndnis.<\/p>\n<p>Das n\u00e4chste mal sehen wir uns beim Vorweihnachtlichen Dorfpunsch der am 06. Dezember stattfindet.<\/p>\n","protected":false},"excerpt":{"rendered":"<p>Der geplante Dorfabend muss leider ausfallen. Da zur Zeit Renovierungsarbeiten im Vereinsheim des SuS Merklinde stattfinden, steht dieses nicht zur Verf\u00fcgung. Wir bitten um Euer Verst\u00e4ndnis. Das n\u00e4chste mal sehen &hellip; <\/p>\n<p class=\"link-more\"><a href=\"https:\/\/wir-sind-merklinde.de\/?tribe_events=dorfabend-2\" class=\"more-link\"><span class=\"screen-reader-text\">\u201eDorfabend im Oktober &#8211; f\u00e4llt leider aus!\u201c <\/span>weiterlesen<\/a><\/p>\n","protected":false},"author":1,"featured_media":0,"template":"","meta":{"_tribe_events_status":"","_tribe_events_status_reason":"","footnotes":""},"tags":[],"tribe_events_cat":[10],"class_list":["post-578","tribe_events","type-tribe_events","status-publish","hentry","tribe_events_cat-termine","cat_termine"],"jetpack_sharing_enabled":true,"_links":{"self":[{"href":"https:\/\/wir-sind-merklinde.de\/index.php?rest_route=\/wp\/v2\/tribe_events\/578","targetHints":{"allow":["GET"]}}],"collection":[{"href":"https:\/\/wir-sind-merklinde.de\/index.php?rest_route=\/wp\/v2\/tribe_events"}],"about":[{"href":"https:\/\/wir-sind-merklinde.de\/index.php?rest_route=\/wp\/v2\/types\/tribe_events"}],"author":[{"embeddable":true,"href":"https:\/\/wir-sind-merklinde.de\/index.php?rest_route=\/wp\/v2\/users\/1"}],"version-history":[{"count":9,"href":"https:\/\/wir-sind-merklinde.de\/index.php?rest_route=\/wp\/v2\/tribe_events\/578\/revisions"}],"predecessor-version":[{"id":909,"href":"https:\/\/wir-sind-merklinde.de\/index.php?rest_route=\/wp\/v2\/tribe_events\/578\/revisions\/909"}],"wp:attachment":[{"href":"https:\/\/wir-sind-merklinde.de\/index.php?rest_route=%2Fwp%2Fv2%2Fmedia&parent=578"}],"wp:term":[{"taxonomy":"post_tag","embeddable":true,"href":"https:\/\/wir-sind-merklinde.de\/index.php?rest_route=%2Fwp%2Fv2%2Ftags&post=578"},{"taxonomy":"tribe_events_cat","embeddable":true,"href":"https:\/\/wir-sind-merklinde.de\/index.php?rest_route=%2Fwp%2Fv2%2Ftribe_events_cat&post=578"}],"curies":[{"name":"wp","href":"https:\/\/api.w.org\/{rel}","templated":true}]}}

Dorfabend im Oktober &#8211; fällt leider aus!

<p>Der geplante Dorfabend muss leider ausfallen.</p>
<p>Da zur Zeit Renovierungsarbeiten im Vereinsheim des SuS Merklinde stattfinden, steht dieses nicht zur Verfügung.</p>
<p>Wir bitten um Euer Verständnis.</p>
<p>Das nächste mal sehen wir uns beim Vorweihnachtlichen Dorfpunsch der am 06. Dezember stattfindet.</p>

<p>Der geplante Dorfabend muss leider ausfallen. Da zur Zeit Renovierungsarbeiten im Vereinsheim des SuS Merklinde stattfinden, steht dieses nicht zur Verfügung. Wir bitten um Euer Verständnis. Das nächste mal sehen &hellip; </p>
<p class="link-more"><a href="https://wir-sind-merklinde.de/?tribe_events=dorfabend-2" class="more-link"><span class="screen-reader-text">„Dorfabend im Oktober &#8211; fällt leider aus!“ </span>weiterlesen</a></p>
