{"id":388,"date":"2017-04-27T10:31:31","date_gmt":"2017-04-27T08:31:31","guid":{"rendered":"http:\/\/wir-sind-merklinde.de\/?page_id=388"},"modified":"2017-04-27T10:31:31","modified_gmt":"2017-04-27T08:31:31","slug":"archiv","status":"publish","type":"page","link":"https:\/\/wir-sind-merklinde.de\/?page_id=388","title":{"rendered":"Archiv"},"content":{"rendered":"<h5>Januar 2016<\/h5>\n<h4>Einladung zur Gr\u00fcndungsversammlung des B\u00fcrgervereins Merklinde<\/h4>\n<h4>\u201eZusammen leben, gemeinsam gestalten\u201c<\/h4>\n<div class=\"teaser teaser-article-summary \">\n<div class=\"page\" title=\"Page 2\">\n<div class=\"layoutArea\">\n<div class=\"column\">\n<p>Im Stadtteil Merklinde wird der Plan von einem B\u00fcrgerverein, der sich um die Belange der Menschen im Stadtteil k\u00fcmmert, diese Woche in die Realit\u00e4t umgesetzt. Interessierte B\u00fcrgerinnen und B\u00fcrger sind herzlich zur Gr\u00fcndungsversammlung am Freitag, 20. Januar, um 18.00 Uhr im B\u00fcrgerzentrum Merklinde, Johannesstra\u00dfe 5, eingeladen.<\/p>\n<p>Nat\u00fcrlich k\u00f6nnen Merklinder, die bisher noch nicht in den Prozess mit eingestiegen sind, aber auch etwas in ihrem Stadtteil ver\u00e4ndern m\u00f6chten, sich informieren und ihre Ideen beisteuern. Auch B\u00fcrgermeister Rajko Kravanja wird an der Versammlung teilnehmen. Er hat die Entwicklungen in Merklinde seit dem Auftakt im Juni letzten Jahres begleitet und wird auch den neuen B\u00fcrgerverein unterst\u00fctzen.<\/p>\n<p>Auf der Tagesordnung stehen unter anderem die Beratung und Verabschiedung der Satzung, die Vorstandswahlen, der Beschluss \u00fcber die H\u00f6he der Mitgliedsbeitr\u00e4ge sowie die Beratung und Abstimmung des Vereinsnamens. Abschlie\u00dfend wird neben diesen Formalit\u00e4ten auch \u00fcber die weitere Vorgehensweise diskutiert.<\/p>\n<p>Unter dem Motto \u201eZusammen leben, gemeinsam gestalten\u201c machen sich die Merklinder also auf, die Zukunft ihres Stadtteils in die Hand zu nehmen und aktiv mitzugestalten. B\u00fcrgerschaftliches Engagement bereichert jedes Stadtteilleben und st\u00e4rkt den Zusammenhalt der Gemeinschaft. So k\u00f6nnen es die B\u00fcrger selbst schaffen, ihrem Stadtteil ein neues Selbstbewusstsein und mehr Lebensqualit\u00e4t zu geben.<\/p>\n<\/div>\n<\/div>\n<\/div>\n<\/div>\n","protected":false},"excerpt":{"rendered":"<p>Januar 2016 Einladung zur Gr\u00fcndungsversammlung des B\u00fcrgervereins Merklinde \u201eZusammen leben, gemeinsam gestalten\u201c Im Stadtteil Merklinde wird der Plan von einem B\u00fcrgerverein, der sich um die Belange der Menschen im Stadtteil &hellip; <\/p>\n<p class=\"link-more\"><a href=\"https:\/\/wir-sind-merklinde.de\/?page_id=388\" class=\"more-link\"><span class=\"screen-reader-text\">\u201eArchiv\u201c <\/span>weiterlesen<\/a><\/p>\n","protected":false},"author":1,"featured_media":0,"parent":67,"menu_order":0,"comment_status":"closed","ping_status":"closed","template":"","meta":{"footnotes":""},"class_list":["post-388","page","type-page","status-publish","hentry"],"jetpack_sharing_enabled":true,"_links":{"self":[{"href":"https:\/\/wir-sind-merklinde.de\/index.php?rest_route=\/wp\/v2\/pages\/388","targetHints":{"allow":["GET"]}}],"collection":[{"href":"https:\/\/wir-sind-merklinde.de\/index.php?rest_route=\/wp\/v2\/pages"}],"about":[{"href":"https:\/\/wir-sind-merklinde.de\/index.php?rest_route=\/wp\/v2\/types\/page"}],"author":[{"embeddable":true,"href":"https:\/\/wir-sind-merklinde.de\/index.php?rest_route=\/wp\/v2\/users\/1"}],"replies":[{"embeddable":true,"href":"https:\/\/wir-sind-merklinde.de\/index.php?rest_route=%2Fwp%2Fv2%2Fcomments&post=388"}],"version-history":[{"count":3,"href":"https:\/\/wir-sind-merklinde.de\/index.php?rest_route=\/wp\/v2\/pages\/388\/revisions"}],"predecessor-version":[{"id":391,"href":"https:\/\/wir-sind-merklinde.de\/index.php?rest_route=\/wp\/v2\/pages\/388\/revisions\/391"}],"up":[{"embeddable":true,"href":"https:\/\/wir-sind-merklinde.de\/index.php?rest_route=\/wp\/v2\/pages\/67"}],"wp:attachment":[{"href":"https:\/\/wir-sind-merklinde.de\/index.php?rest_route=%2Fwp%2Fv2%2Fmedia&parent=388"}],"curies":[{"name":"wp","href":"https:\/\/api.w.org\/{rel}","templated":true}]}}

<h5>Januar 2016</h5>
<h4>Einladung zur Gründungsversammlung des Bürgervereins Merklinde</h4>
<h4>„Zusammen leben, gemeinsam gestalten“</h4>
<div class="teaser teaser-article-summary ">
<div class="page" title="Page 2">
<div class="layoutArea">
<div class="column">
<p>Im Stadtteil Merklinde wird der Plan von einem Bürgerverein, der sich um die Belange der Menschen im Stadtteil kümmert, diese Woche in die Realität umgesetzt. Interessierte Bürgerinnen und Bürger sind herzlich zur Gründungsversammlung am Freitag, 20. Januar, um 18.00 Uhr im Bürgerzentrum Merklinde, Johannesstraße 5, eingeladen.</p>
<p>Natürlich können Merklinder, die bisher noch nicht in den Prozess mit eingestiegen sind, aber auch etwas in ihrem Stadtteil verändern möchten, sich informieren und ihre Ideen beisteuern. Auch Bürgermeister Rajko Kravanja wird an der Versammlung teilnehmen. Er hat die Entwicklungen in Merklinde seit dem Auftakt im Juni letzten Jahres begleitet und wird auch den neuen Bürgerverein unterstützen.</p>
<p>Auf der Tagesordnung stehen unter anderem die Beratung und Verabschiedung der Satzung, die Vorstandswahlen, der Beschluss über die Höhe der Mitgliedsbeiträge sowie die Beratung und Abstimmung des Vereinsnamens. Abschließend wird neben diesen Formalitäten auch über die weitere Vorgehensweise diskutiert.</p>
<p>Unter dem Motto „Zusammen leben, gemeinsam gestalten“ machen sich die Merklinder also auf, die Zukunft ihres Stadtteils in die Hand zu nehmen und aktiv mitzugestalten. Bürgerschaftliches Engagement bereichert jedes Stadtteilleben und stärkt den Zusammenhalt der Gemeinschaft. So können es die Bürger selbst schaffen, ihrem Stadtteil ein neues Selbstbewusstsein und mehr Lebensqualität zu geben.</p>
</div>
</div>
</div>
</div>

<p>Januar 2016 Einladung zur Gründungsversammlung des Bürgervereins Merklinde „Zusammen leben, gemeinsam gestalten“ Im Stadtteil Merklinde wird der Plan von einem Bürgerverein, der sich um die Belange der Menschen im Stadtteil &hellip; </p>
<p class="link-more"><a href="https://wir-sind-merklinde.de/?page_id=388" class="more-link"><span class="screen-reader-text">„Archiv“ </span>weiterlesen</a></p>
