{"id":383,"date":"2017-04-27T10:11:21","date_gmt":"2017-04-27T08:11:21","guid":{"rendered":"http:\/\/wir-sind-merklinde.de\/?page_id=383"},"modified":"2017-04-27T10:11:21","modified_gmt":"2017-04-27T08:11:21","slug":"archiv","status":"publish","type":"page","link":"https:\/\/wir-sind-merklinde.de\/?page_id=383","title":{"rendered":"Archiv"},"content":{"rendered":"<h5>20.10.2016<\/h5>\n<h4>So wollen Merklinder einen B\u00fcrgerverein gr\u00fcnden<\/h4>\n<p>Einige Merklinder wollen die Zukunft ihres Stadtteils aktiver mitgestalten. Ihr Plan: einen B\u00fcrgerverein gr\u00fcnden. Ihre Vorbilder: Mein Ickern und der B\u00fcrgerverein Habinghorst. Unter den Engagierten herrscht Optimismus, aber da sind auch H\u00fcrden. Wir sprachen dar\u00fcber mit den etablierten Vereinen &#8211; und wollen Ihre Meinung wissen.<br \/>\n<a href=\"http:\/\/www.derwesten.de\/staedte\/castrop-rauxel\/so-wollen-merklinder-einen-buergerverein-gruenden-id12290984.html\" target=\"_blank\" rel=\"noopener noreferrer\">Bericht der WAZ<\/a><\/p>\n","protected":false},"excerpt":{"rendered":"<p>20.10.2016 So wollen Merklinder einen B\u00fcrgerverein gr\u00fcnden Einige Merklinder wollen die Zukunft ihres Stadtteils aktiver mitgestalten. Ihr Plan: einen B\u00fcrgerverein gr\u00fcnden. Ihre Vorbilder: Mein Ickern und der B\u00fcrgerverein Habinghorst. Unter &hellip; <\/p>\n<p class=\"link-more\"><a href=\"https:\/\/wir-sind-merklinde.de\/?page_id=383\" class=\"more-link\"><span class=\"screen-reader-text\">\u201eArchiv\u201c <\/span>weiterlesen<\/a><\/p>\n","protected":false},"author":1,"featured_media":0,"parent":360,"menu_order":0,"comment_status":"closed","ping_status":"closed","template":"","meta":{"footnotes":""},"class_list":["post-383","page","type-page","status-publish","hentry"],"jetpack_sharing_enabled":true,"_links":{"self":[{"href":"https:\/\/wir-sind-merklinde.de\/index.php?rest_route=\/wp\/v2\/pages\/383","targetHints":{"allow":["GET"]}}],"collection":[{"href":"https:\/\/wir-sind-merklinde.de\/index.php?rest_route=\/wp\/v2\/pages"}],"about":[{"href":"https:\/\/wir-sind-merklinde.de\/index.php?rest_route=\/wp\/v2\/types\/page"}],"author":[{"embeddable":true,"href":"https:\/\/wir-sind-merklinde.de\/index.php?rest_route=\/wp\/v2\/users\/1"}],"replies":[{"embeddable":true,"href":"https:\/\/wir-sind-merklinde.de\/index.php?rest_route=%2Fwp%2Fv2%2Fcomments&post=383"}],"version-history":[{"count":1,"href":"https:\/\/wir-sind-merklinde.de\/index.php?rest_route=\/wp\/v2\/pages\/383\/revisions"}],"predecessor-version":[{"id":384,"href":"https:\/\/wir-sind-merklinde.de\/index.php?rest_route=\/wp\/v2\/pages\/383\/revisions\/384"}],"up":[{"embeddable":true,"href":"https:\/\/wir-sind-merklinde.de\/index.php?rest_route=\/wp\/v2\/pages\/360"}],"wp:attachment":[{"href":"https:\/\/wir-sind-merklinde.de\/index.php?rest_route=%2Fwp%2Fv2%2Fmedia&parent=383"}],"curies":[{"name":"wp","href":"https:\/\/api.w.org\/{rel}","templated":true}]}}

<h5>20.10.2016</h5>
<h4>So wollen Merklinder einen Bürgerverein gründen</h4>
<p>Einige Merklinder wollen die Zukunft ihres Stadtteils aktiver mitgestalten. Ihr Plan: einen Bürgerverein gründen. Ihre Vorbilder: Mein Ickern und der Bürgerverein Habinghorst. Unter den Engagierten herrscht Optimismus, aber da sind auch Hürden. Wir sprachen darüber mit den etablierten Vereinen &#8211; und wollen Ihre Meinung wissen.<br />
<a href="http://www.derwesten.de/staedte/castrop-rauxel/so-wollen-merklinder-einen-buergerverein-gruenden-id12290984.html" target="_blank" rel="noopener noreferrer">Bericht der WAZ</a></p>

<p>20.10.2016 So wollen Merklinder einen Bürgerverein gründen Einige Merklinder wollen die Zukunft ihres Stadtteils aktiver mitgestalten. Ihr Plan: einen Bürgerverein gründen. Ihre Vorbilder: Mein Ickern und der Bürgerverein Habinghorst. Unter &hellip; </p>
<p class="link-more"><a href="https://wir-sind-merklinde.de/?page_id=383" class="more-link"><span class="screen-reader-text">„Archiv“ </span>weiterlesen</a></p>
