{"id":360,"date":"2019-05-31T11:15:40","date_gmt":"2019-05-31T09:15:40","guid":{"rendered":"http:\/\/wir-sind-merklinde.de\/?page_id=360"},"modified":"2019-08-26T07:51:06","modified_gmt":"2019-08-26T05:51:06","slug":"presse","status":"publish","type":"page","link":"https:\/\/wir-sind-merklinde.de\/?page_id=360","title":{"rendered":"Presse"},"content":{"rendered":"<h5>05.08.2019<\/h5>\n<figure id=\"attachment_903\" aria-describedby=\"caption-attachment-903\" style=\"width: 525px\" class=\"wp-caption aligncenter\"><a href=\"https:\/\/wir-sind-merklinde.de\/wp-content\/uploads\/2019\/08\/52fe5e41-1191-47d0-83ba-699e6679fb18.jpg\"><img loading=\"lazy\" decoding=\"async\" class=\"wp-image-903 size-large\" src=\"https:\/\/wir-sind-merklinde.de\/wp-content\/uploads\/2019\/08\/52fe5e41-1191-47d0-83ba-699e6679fb18-548x1024.jpg\" alt=\"Ausgabe_RN-Castrop-Rauxel_05-August-2019\" width=\"525\" height=\"981\" srcset=\"https:\/\/wir-sind-merklinde.de\/wp-content\/uploads\/2019\/08\/52fe5e41-1191-47d0-83ba-699e6679fb18-548x1024.jpg 548w, https:\/\/wir-sind-merklinde.de\/wp-content\/uploads\/2019\/08\/52fe5e41-1191-47d0-83ba-699e6679fb18-160x300.jpg 160w, https:\/\/wir-sind-merklinde.de\/wp-content\/uploads\/2019\/08\/52fe5e41-1191-47d0-83ba-699e6679fb18.jpg 746w\" sizes=\"auto, (max-width: 525px) 100vw, 525px\" \/><\/a><figcaption id=\"caption-attachment-903\" class=\"wp-caption-text\">Ausgabe_RN-Castrop-Rauxel_05-August-2019<\/figcaption><\/figure>\n<h5>06.06.2019<\/h5>\n<p><a href=\"https:\/\/wir-sind-merklinde.de\/wp-content\/uploads\/2019\/06\/IMG_2661.jpg\"><img loading=\"lazy\" decoding=\"async\" class=\"aligncenter size-full wp-image-889\" src=\"https:\/\/wir-sind-merklinde.de\/wp-content\/uploads\/2019\/06\/IMG_2661.jpg\" alt=\"Spende an Frauenhaus\" width=\"960\" height=\"566\" srcset=\"https:\/\/wir-sind-merklinde.de\/wp-content\/uploads\/2019\/06\/IMG_2661.jpg 960w, https:\/\/wir-sind-merklinde.de\/wp-content\/uploads\/2019\/06\/IMG_2661-300x177.jpg 300w, https:\/\/wir-sind-merklinde.de\/wp-content\/uploads\/2019\/06\/IMG_2661-768x453.jpg 768w\" sizes=\"auto, (max-width: 767px) 89vw, (max-width: 1000px) 54vw, (max-width: 1071px) 543px, 580px\" \/><\/a><\/p>\n<h5>29.03.2019<\/h5>\n<p><a href=\"https:\/\/wir-sind-merklinde.de\/wp-content\/uploads\/2019\/05\/Ausgabe_RN-Castrop-Rauxel_Freitag-29-Maerz-2019-Kopie.png\"><img loading=\"lazy\" decoding=\"async\" class=\"aligncenter size-large wp-image-887\" src=\"https:\/\/wir-sind-merklinde.de\/wp-content\/uploads\/2019\/05\/Ausgabe_RN-Castrop-Rauxel_Freitag-29-Maerz-2019-Kopie-649x1024.png\" alt=\"Ausgabe_RN-Castrop-Rauxel_Freitag-29-Maerz-2019\" width=\"525\" height=\"828\" srcset=\"https:\/\/wir-sind-merklinde.de\/wp-content\/uploads\/2019\/05\/Ausgabe_RN-Castrop-Rauxel_Freitag-29-Maerz-2019-Kopie-649x1024.png 649w, https:\/\/wir-sind-merklinde.de\/wp-content\/uploads\/2019\/05\/Ausgabe_RN-Castrop-Rauxel_Freitag-29-Maerz-2019-Kopie-190x300.png 190w, https:\/\/wir-sind-merklinde.de\/wp-content\/uploads\/2019\/05\/Ausgabe_RN-Castrop-Rauxel_Freitag-29-Maerz-2019-Kopie-768x1211.png 768w, https:\/\/wir-sind-merklinde.de\/wp-content\/uploads\/2019\/05\/Ausgabe_RN-Castrop-Rauxel_Freitag-29-Maerz-2019-Kopie.png 1495w\" sizes=\"auto, (max-width: 525px) 100vw, 525px\" \/><\/a><\/p>\n<h5><\/h5>\n<h5>23.11.2018<\/h5>\n<p><a href=\"https:\/\/wir-sind-merklinde.de\/wp-content\/uploads\/2019\/05\/b8b0bf5f-db4a-4fa7-a0f4-d276a72769f7.jpg\"><img loading=\"lazy\" decoding=\"async\" class=\"aligncenter size-large wp-image-883\" src=\"https:\/\/wir-sind-merklinde.de\/wp-content\/uploads\/2019\/05\/b8b0bf5f-db4a-4fa7-a0f4-d276a72769f7-746x1024.jpg\" alt=\"\" width=\"525\" height=\"721\" srcset=\"https:\/\/wir-sind-merklinde.de\/wp-content\/uploads\/2019\/05\/b8b0bf5f-db4a-4fa7-a0f4-d276a72769f7-746x1024.jpg 746w, https:\/\/wir-sind-merklinde.de\/wp-content\/uploads\/2019\/05\/b8b0bf5f-db4a-4fa7-a0f4-d276a72769f7-219x300.jpg 219w, https:\/\/wir-sind-merklinde.de\/wp-content\/uploads\/2019\/05\/b8b0bf5f-db4a-4fa7-a0f4-d276a72769f7-768x1054.jpg 768w, https:\/\/wir-sind-merklinde.de\/wp-content\/uploads\/2019\/05\/b8b0bf5f-db4a-4fa7-a0f4-d276a72769f7.jpg 846w\" sizes=\"auto, (max-width: 525px) 100vw, 525px\" \/><\/a><\/p>\n<h5>21.04.2018<\/h5>\n<p><strong>Harkortschule steht bald leer \/ B\u00fcrgerversammlung in Merklinde<\/strong><br \/>\nDie Fl\u00fcchtlinge, die zurzeit noch in der Harkortschule in Merklinde wohnen, werden im Sommer nach Ickern zur Janusz-Korczak-Gesamtschule und der ehemaligen Grundschule an der Marienburger Stra\u00dfe ziehen. Das verk\u00fcndete B\u00fcrgermeister Rajko Kravanja w\u00e4hrend der ersten B\u00fcrgerversammlung, zu der der Verein &#8222;Wir sind Merklinde&#8220; am Mittwoch (18. April) eingeladen hatte.<br \/>\n<a href=\"http:\/\/www.lokalkompass.de\/castrop-rauxel\/leute\/harkortschule-steht-bald-leer-buergerversammlung-in-merklinde-d875399.html\" target=\"_blank\" rel=\"noopener noreferrer\">Bericht des Stadtanzeigers<\/a><\/p>\n<h5>20.04.2018<\/h5>\n<p><strong>Das waren die Themen der Merklinder B\u00fcrgerversammlung\u00a0<\/strong><br \/>\n\u00dcber Sparkassendienstleistung, Wagenbruch, ein Lebensmittelgesch\u00e4ft, Sonnenstrom und mehr.<br \/>\n<a href=\"https:\/\/wir-sind-merklinde.de\/?attachment_id=745\" target=\"_blank\" rel=\"noopener noreferrer\">Bericht der WAZ<\/a><\/p>\n<h5>17.04.2018<\/h5>\n<p><strong>Wird die Harkortschule wieder zur Schule?<\/strong><br \/>\nMerklinde &#8211;\u00a0 Die CDU, die Gr\u00fcnen und die Freie W\u00e4hler-Initiative sprechen sich jetzt f\u00fcr die Umnutzung der Harkortschule in Merklinde aus. Seit einigen Jahren ist sie keine Schule mehr, sondern st\u00e4dtische Unterkunft f\u00fcr Wohnungslose und gefl\u00fcchtete Menschen. Wie weit sind die Pl\u00e4ne dazu wirklich?<br \/>\n<a href=\"https:\/\/www.waz.de\/staedte\/castrop-rauxel\/wird-die-harkortschule-wieder-zu-einer-schule-id214045429.html\" target=\"_blank\" rel=\"noopener noreferrer\">Bericht der WAZ<\/a><\/p>\n<h5>11.09.2017<\/h5>\n<p><strong>Begegnungsst\u00e4tte steht oben<\/strong><br \/>\nMERKLINDE &#8211; Zukunftswerksatt in Merklinde \/ Musterwohnung von der LEG f\u00fcr den Verein?<br \/>\n&#8222;Merklinde war schon ma besser drauf.&#8220; Die Teilnehmer der Zukunftswerkstatt &#8222;Nachhaltigkeit nimmt Quartier&#8220; nickten bei dieser Aussage von Pfarrer Hans-Otto Witt. &#8222;Doch was k\u00f6nnen wir besser machen?&#8220; &#8211; Das war die zentrale Frage bei der f\u00fcnfst\u00fcndigen Zusammenkunft im Vereinsheim des SuS Merklinde am Fuchsweg.<br \/>\n<a href=\"https:\/\/wir-sind-merklinde.de\/wp-content\/uploads\/2017\/09\/Zukunftswerkstatt-RN.jpg\" target=\"_blank\" rel=\"noopener noreferrer\">Bericht der RN<\/a><\/p>\n<h5>06.06.2017<\/h5>\n<p><strong>Wir sind Merklinde geht jetzt an die &#8222;Arbeit&#8220;.<\/strong><br \/>\nMERKLINDE &#8211; Wichtigste Ergebnisse der Versammlung vom 1. Juni 2017 im B\u00fcrgerhaus Merklinde.<br \/>\n<a href=\"https:\/\/wir-sind-merklinde.de\/?attachment_id=455\" target=\"_blank\" rel=\"noopener noreferrer\">Bericht der RN<\/a><\/p>\n<h5>\u00a022.04.2017<\/h5>\n<p><strong>&#8222;Hier ist ein Ort, wo wir Engagement zeigen m\u00fcssen.&#8220;<br \/>\n<\/strong>MERKLINDE &#8211; Gespr\u00e4chsrunde in der Harkortsiedlung. Der Ort des Treffen sollte Symbol sein: Wo gibt es heute Sozialr\u00e4ume, wo sich Menschen begegnen? Harkortsiedlung: Ein Sozialer Brennpunkt? Ein Problemviertel? Sicher nicht. Aber doch ein Ort der im Focus liegt. Der richtige Ort, um \u00fcber das Projekt &#8222;Nachhaltigkeit nimmt Quartier&#8220; zu sprechen.<br \/>\n<a href=\"https:\/\/wir-sind-merklinde.de\/wp-content\/uploads\/2017\/05\/Nachhaltigkeit-RN-vom-22.04.2017.pdf\" target=\"_blank\" rel=\"noopener noreferrer\">Bericht der RN<\/a><\/p>\n<h5>21.04.2017<\/h5>\n<p><strong>An diesen Orten soll es anders werden.<\/strong><br \/>\nMERKLINDE &#8211; Auf einem Spaziergang mit Willi M\u00fcller, dem Vorsitzenden des B\u00fcrgervereins &#8222;Wir sind Merklinde e.V.&#8220; Die Gr\u00fcndung des Vereins &#8222;Wir sind Merklinde&#8220; ist nun auch vom Amtsgericht best\u00e4tigt. Das war der letzte Schritt nach der Verabschiedung der Satzung durch die Gr\u00fcndungsversammlung. Aber was will der Verein? Wo soll sich im Stadtteil was ver\u00e4ndern? Die Ruhrnachrichten hat mit Willi M\u00fcller einen Spaziergang zu vier Orten in Merklinde gemacht.<br \/>\n<a href=\"https:\/\/wir-sind-merklinde.de\/wp-content\/uploads\/2017\/04\/RN-Bericht_Ortsbegehung_2017_04_21.jpeg\" target=\"_blank\" rel=\"noopener noreferrer\">Bericht der RN<\/a><\/p>\n<h5>21.04.2017<\/h5>\n<p><strong>Projekt Merklinde: Erste Ergebnisse aus Umfrage-Aktion<br \/>\n<\/strong>Institut f\u00fcr Kirche und Gesellschaft hilft.<br \/>\nMERKLINDE &#8211; Um das Leben in Merklinde zu verbessern, ist die Evangelische Landeskirche von Westfalen mit zwei Referenten f\u00fcr 30 Monate praktisch als Prozess-Begleiter vor Ort engagiert.<br \/>\n<a href=\"https:\/\/wir-sind-merklinde.de\/wp-content\/uploads\/2017\/04\/RN-Bericht_Projekt_Merklinde_2017_04_21.jpeg\" target=\"_blank\" rel=\"noopener noreferrer\">Bericht der RN<\/a><\/p>\n<h5>20.04.2017<\/h5>\n<p><strong>Radelnd ins Gespr\u00e4ch kommen<br \/>\n<\/strong>Jetzt noch f\u00fcr die Radtour der B\u00fcrgervereine am 13. Mai 2017 anmelden<strong><br \/>\n<\/strong>CASTROP-RAUXEL &#8211; Es gibt nur noch Restpl\u00e4tze f\u00fcr die f\u00fcr Samstag 13. Mai, geplante Radtour der B\u00fcrgervereine &#8230;<br \/>\n<a href=\"https:\/\/wir-sind-merklinde.de\/wp-content\/uploads\/2017\/04\/WAZ_Radeln_2017_04_20.jpg\" target=\"_blank\" rel=\"noopener noreferrer\">Bericht der WAZ<\/a><\/p>\n","protected":false},"excerpt":{"rendered":"<p>05.08.2019 06.06.2019 29.03.2019 23.11.2018 21.04.2018 Harkortschule steht bald leer \/ B\u00fcrgerversammlung in Merklinde Die Fl\u00fcchtlinge, die zurzeit noch in der Harkortschule in Merklinde wohnen, werden im Sommer nach Ickern zur &hellip; <\/p>\n<p class=\"link-more\"><a href=\"https:\/\/wir-sind-merklinde.de\/?page_id=360\" class=\"more-link\"><span class=\"screen-reader-text\">\u201ePresse\u201c <\/span>weiterlesen<\/a><\/p>\n","protected":false},"author":1,"featured_media":0,"parent":0,"menu_order":0,"comment_status":"closed","ping_status":"closed","template":"","meta":{"footnotes":""},"class_list":["post-360","page","type-page","status-publish","hentry"],"jetpack_sharing_enabled":true,"_links":{"self":[{"href":"https:\/\/wir-sind-merklinde.de\/index.php?rest_route=\/wp\/v2\/pages\/360","targetHints":{"allow":["GET"]}}],"collection":[{"href":"https:\/\/wir-sind-merklinde.de\/index.php?rest_route=\/wp\/v2\/pages"}],"about":[{"href":"https:\/\/wir-sind-merklinde.de\/index.php?rest_route=\/wp\/v2\/types\/page"}],"author":[{"embeddable":true,"href":"https:\/\/wir-sind-merklinde.de\/index.php?rest_route=\/wp\/v2\/users\/1"}],"replies":[{"embeddable":true,"href":"https:\/\/wir-sind-merklinde.de\/index.php?rest_route=%2Fwp%2Fv2%2Fcomments&post=360"}],"version-history":[{"count":32,"href":"https:\/\/wir-sind-merklinde.de\/index.php?rest_route=\/wp\/v2\/pages\/360\/revisions"}],"predecessor-version":[{"id":905,"href":"https:\/\/wir-sind-merklinde.de\/index.php?rest_route=\/wp\/v2\/pages\/360\/revisions\/905"}],"wp:attachment":[{"href":"https:\/\/wir-sind-merklinde.de\/index.php?rest_route=%2Fwp%2Fv2%2Fmedia&parent=360"}],"curies":[{"name":"wp","href":"https:\/\/api.w.org\/{rel}","templated":true}]}}

<h5>05.08.2019</h5>
<figure id="attachment_903" aria-describedby="caption-attachment-903" style="width: 525px" class="wp-caption aligncenter"><a href="https://wir-sind-merklinde.de/wp-content/uploads/2019/08/52fe5e41-1191-47d0-83ba-699e6679fb18.jpg"><img loading="lazy" decoding="async" class="wp-image-903 size-large" src="https://wir-sind-merklinde.de/wp-content/uploads/2019/08/52fe5e41-1191-47d0-83ba-699e6679fb18-548x1024.jpg" alt="Ausgabe_RN-Castrop-Rauxel_05-August-2019" width="525" height="981" srcset="https://wir-sind-merklinde.de/wp-content/uploads/2019/08/52fe5e41-1191-47d0-83ba-699e6679fb18-548x1024.jpg 548w, https://wir-sind-merklinde.de/wp-content/uploads/2019/08/52fe5e41-1191-47d0-83ba-699e6679fb18-160x300.jpg 160w, https://wir-sind-merklinde.de/wp-content/uploads/2019/08/52fe5e41-1191-47d0-83ba-699e6679fb18.jpg 746w" sizes="auto, (max-width: 525px) 100vw, 525px" /></a><figcaption id="caption-attachment-903" class="wp-caption-text">Ausgabe_RN-Castrop-Rauxel_05-August-2019</figcaption></figure>
<h5>06.06.2019</h5>
<p><a href="https://wir-sind-merklinde.de/wp-content/uploads/2019/06/IMG_2661.jpg"><img loading="lazy" decoding="async" class="aligncenter size-full wp-image-889" src="https://wir-sind-merklinde.de/wp-content/uploads/2019/06/IMG_2661.jpg" alt="Spende an Frauenhaus" width="960" height="566" srcset="https://wir-sind-merklinde.de/wp-content/uploads/2019/06/IMG_2661.jpg 960w, https://wir-sind-merklinde.de/wp-content/uploads/2019/06/IMG_2661-300x177.jpg 300w, https://wir-sind-merklinde.de/wp-content/uploads/2019/06/IMG_2661-768x453.jpg 768w" sizes="auto, (max-width: 767px) 89vw, (max-width: 1000px) 54vw, (max-width: 1071px) 543px, 580px" /></a></p>
<h5>29.03.2019</h5>
<p><a href="https://wir-sind-merklinde.de/wp-content/uploads/2019/05/Ausgabe_RN-Castrop-Rauxel_Freitag-29-Maerz-2019-Kopie.png"><img loading="lazy" decoding="async" class="aligncenter size-large wp-image-887" src="https://wir-sind-merklinde.de/wp-content/uploads/2019/05/Ausgabe_RN-Castrop-Rauxel_Freitag-29-Maerz-2019-Kopie-649x1024.png" alt="Ausgabe_RN-Castrop-Rauxel_Freitag-29-Maerz-2019" width="525" height="828" srcset="https://wir-sind-merklinde.de/wp-content/uploads/2019/05/Ausgabe_RN-Castrop-Rauxel_Freitag-29-Maerz-2019-Kopie-649x1024.png 649w, https://wir-sind-merklinde.de/wp-content/uploads/2019/05/Ausgabe_RN-Castrop-Rauxel_Freitag-29-Maerz-2019-Kopie-190x300.png 190w, https://wir-sind-merklinde.de/wp-content/uploads/2019/05/Ausgabe_RN-Castrop-Rauxel_Freitag-29-Maerz-2019-Kopie-768x1211.png 768w, https://wir-sind-merklinde.de/wp-content/uploads/2019/05/Ausgabe_RN-Castrop-Rauxel_Freitag-29-Maerz-2019-Kopie.png 1495w" sizes="auto, (max-width: 525px) 100vw, 525px" /></a></p>
<h5></h5>
<h5>23.11.2018</h5>
<p><a href="https://wir-sind-merklinde.de/wp-content/uploads/2019/05/b8b0bf5f-db4a-4fa7-a0f4-d276a72769f7.jpg"><img loading="lazy" decoding="async" class="aligncenter size-large wp-image-883" src="https://wir-sind-merklinde.de/wp-content/uploads/2019/05/b8b0bf5f-db4a-4fa7-a0f4-d276a72769f7-746x1024.jpg" alt="" width="525" height="721" srcset="https://wir-sind-merklinde.de/wp-content/uploads/2019/05/b8b0bf5f-db4a-4fa7-a0f4-d276a72769f7-746x1024.jpg 746w, https://wir-sind-merklinde.de/wp-content/uploads/2019/05/b8b0bf5f-db4a-4fa7-a0f4-d276a72769f7-219x300.jpg 219w, https://wir-sind-merklinde.de/wp-content/uploads/2019/05/b8b0bf5f-db4a-4fa7-a0f4-d276a72769f7-768x1054.jpg 768w, https://wir-sind-merklinde.de/wp-content/uploads/2019/05/b8b0bf5f-db4a-4fa7-a0f4-d276a72769f7.jpg 846w" sizes="auto, (max-width: 525px) 100vw, 525px" /></a></p>
<h5>21.04.2018</h5>
<p><strong>Harkortschule steht bald leer / Bürgerversammlung in Merklinde</strong><br />
Die Flüchtlinge, die zurzeit noch in der Harkortschule in Merklinde wohnen, werden im Sommer nach Ickern zur Janusz-Korczak-Gesamtschule und der ehemaligen Grundschule an der Marienburger Straße ziehen. Das verkündete Bürgermeister Rajko Kravanja während der ersten Bürgerversammlung, zu der der Verein &#8222;Wir sind Merklinde&#8220; am Mittwoch (18. April) eingeladen hatte.<br />
<a href="http://www.lokalkompass.de/castrop-rauxel/leute/harkortschule-steht-bald-leer-buergerversammlung-in-merklinde-d875399.html" target="_blank" rel="noopener noreferrer">Bericht des Stadtanzeigers</a></p>
<h5>20.04.2018</h5>
<p><strong>Das waren die Themen der Merklinder Bürgerversammlung </strong><br />
Über Sparkassendienstleistung, Wagenbruch, ein Lebensmittelgeschäft, Sonnenstrom und mehr.<br />
<a href="https://wir-sind-merklinde.de/?attachment_id=745" target="_blank" rel="noopener noreferrer">Bericht der WAZ</a></p>
<h5>17.04.2018</h5>
<p><strong>Wird die Harkortschule wieder zur Schule?</strong><br />
Merklinde &#8211;  Die CDU, die Grünen und die Freie Wähler-Initiative sprechen sich jetzt für die Umnutzung der Harkortschule in Merklinde aus. Seit einigen Jahren ist sie keine Schule mehr, sondern städtische Unterkunft für Wohnungslose und geflüchtete Menschen. Wie weit sind die Pläne dazu wirklich?<br />
<a href="https://www.waz.de/staedte/castrop-rauxel/wird-die-harkortschule-wieder-zu-einer-schule-id214045429.html" target="_blank" rel="noopener noreferrer">Bericht der WAZ</a></p>
<h5>11.09.2017</h5>
<p><strong>Begegnungsstätte steht oben</strong><br />
MERKLINDE &#8211; Zukunftswerksatt in Merklinde / Musterwohnung von der LEG für den Verein?<br />
&#8222;Merklinde war schon ma besser drauf.&#8220; Die Teilnehmer der Zukunftswerkstatt &#8222;Nachhaltigkeit nimmt Quartier&#8220; nickten bei dieser Aussage von Pfarrer Hans-Otto Witt. &#8222;Doch was können wir besser machen?&#8220; &#8211; Das war die zentrale Frage bei der fünfstündigen Zusammenkunft im Vereinsheim des SuS Merklinde am Fuchsweg.<br />
<a href="https://wir-sind-merklinde.de/wp-content/uploads/2017/09/Zukunftswerkstatt-RN.jpg" target="_blank" rel="noopener noreferrer">Bericht der RN</a></p>
<h5>06.06.2017</h5>
<p><strong>Wir sind Merklinde geht jetzt an die &#8222;Arbeit&#8220;.</strong><br />
MERKLINDE &#8211; Wichtigste Ergebnisse der Versammlung vom 1. Juni 2017 im Bürgerhaus Merklinde.<br />
<a href="https://wir-sind-merklinde.de/?attachment_id=455" target="_blank" rel="noopener noreferrer">Bericht der RN</a></p>
<h5> 22.04.2017</h5>
<p><strong>&#8222;Hier ist ein Ort, wo wir Engagement zeigen müssen.&#8220;<br />
</strong>MERKLINDE &#8211; Gesprächsrunde in der Harkortsiedlung. Der Ort des Treffen sollte Symbol sein: Wo gibt es heute Sozialräume, wo sich Menschen begegnen? Harkortsiedlung: Ein Sozialer Brennpunkt? Ein Problemviertel? Sicher nicht. Aber doch ein Ort der im Focus liegt. Der richtige Ort, um über das Projekt &#8222;Nachhaltigkeit nimmt Quartier&#8220; zu sprechen.<br />
<a href="https://wir-sind-merklinde.de/wp-content/uploads/2017/05/Nachhaltigkeit-RN-vom-22.04.2017.pdf" target="_blank" rel="noopener noreferrer">Bericht der RN</a></p>
<h5>21.04.2017</h5>
<p><strong>An diesen Orten soll es anders werden.</strong><br />
MERKLINDE &#8211; Auf einem Spaziergang mit Willi Müller, dem Vorsitzenden des Bürgervereins &#8222;Wir sind Merklinde e.V.&#8220; Die Gründung des Vereins &#8222;Wir sind Merklinde&#8220; ist nun auch vom Amtsgericht bestätigt. Das war der letzte Schritt nach der Verabschiedung der Satzung durch die Gründungsversammlung. Aber was will der Verein? Wo soll sich im Stadtteil was verändern? Die Ruhrnachrichten hat mit Willi Müller einen Spaziergang zu vier Orten in Merklinde gemacht.<br />
<a href="https://wir-sind-merklinde.de/wp-content/uploads/2017/04/RN-Bericht_Ortsbegehung_2017_04_21.jpeg" target="_blank" rel="noopener noreferrer">Bericht der RN</a></p>
<h5>21.04.2017</h5>
<p><strong>Projekt Merklinde: Erste Ergebnisse aus Umfrage-Aktion<br />
</strong>Institut für Kirche und Gesellschaft hilft.<br />
MERKLINDE &#8211; Um das Leben in Merklinde zu verbessern, ist die Evangelische Landeskirche von Westfalen mit zwei Referenten für 30 Monate praktisch als Prozess-Begleiter vor Ort engagiert.<br />
<a href="https://wir-sind-merklinde.de/wp-content/uploads/2017/04/RN-Bericht_Projekt_Merklinde_2017_04_21.jpeg" target="_blank" rel="noopener noreferrer">Bericht der RN</a></p>
<h5>20.04.2017</h5>
<p><strong>Radelnd ins Gespräch kommen<br />
</strong>Jetzt noch für die Radtour der Bürgervereine am 13. Mai 2017 anmelden<strong><br />
</strong>CASTROP-RAUXEL &#8211; Es gibt nur noch Restplätze für die für Samstag 13. Mai, geplante Radtour der Bürgervereine &#8230;<br />
<a href="https://wir-sind-merklinde.de/wp-content/uploads/2017/04/WAZ_Radeln_2017_04_20.jpg" target="_blank" rel="noopener noreferrer">Bericht der WAZ</a></p>

<p>05.08.2019 06.06.2019 29.03.2019 23.11.2018 21.04.2018 Harkortschule steht bald leer / Bürgerversammlung in Merklinde Die Flüchtlinge, die zurzeit noch in der Harkortschule in Merklinde wohnen, werden im Sommer nach Ickern zur &hellip; </p>
<p class="link-more"><a href="https://wir-sind-merklinde.de/?page_id=360" class="more-link"><span class="screen-reader-text">„Presse“ </span>weiterlesen</a></p>
