{"id":219,"date":"2019-05-31T10:00:46","date_gmt":"2019-05-31T08:00:46","guid":{"rendered":"http:\/\/wir-sind-merklinde.de\/?page_id=219"},"modified":"2023-10-31T11:05:34","modified_gmt":"2023-10-31T10:05:34","slug":"vorstand","status":"publish","type":"page","link":"https:\/\/wir-sind-merklinde.de\/?page_id=219","title":{"rendered":"Vorstand"},"content":{"rendered":"<h3><strong>Der Vorstand<\/strong><\/h3>\n<p>Der Vorstand &#8222;Wir sind Merklinde e.V.&#8220; wurde am 26. Oktober 2023 gew\u00e4hlt und setzt sich wie folgt zusammen:<\/p>\n<p>Willi M\u00fcller (Vorsitzender), Reimund Panitz (stellv. Vorsitzender), G\u00fcnter Otto (Schatzmeister), Michael Fischer (stellv. Schatzmeister) und Edeltraud Kluft (Schriftf\u00fchrerin)<\/p>\n<p><strong>Mitglieder des Beisitzes\u00a0<\/strong><\/p>\n<p>Silke Berten-Buchwald, Melissa Fischer, Volker Gadda, Oliver Kaumanns, Uwe Manthey, Frauke Otto, Martin Schr\u00f6der und Brigitte Spieckermann<\/p>\n<figure id=\"attachment_1389\" aria-describedby=\"caption-attachment-1389\" style=\"width: 638px\" class=\"wp-caption aligncenter\"><a href=\"https:\/\/wir-sind-merklinde.de\/wp-content\/uploads\/2023\/10\/Vorstand-2023.jpg\"><img loading=\"lazy\" decoding=\"async\" class=\" wp-image-1389\" src=\"https:\/\/wir-sind-merklinde.de\/wp-content\/uploads\/2023\/10\/Vorstand-2023-300x135.jpg\" alt=\"\" width=\"638\" height=\"287\" srcset=\"https:\/\/wir-sind-merklinde.de\/wp-content\/uploads\/2023\/10\/Vorstand-2023-300x135.jpg 300w, https:\/\/wir-sind-merklinde.de\/wp-content\/uploads\/2023\/10\/Vorstand-2023-1024x461.jpg 1024w, https:\/\/wir-sind-merklinde.de\/wp-content\/uploads\/2023\/10\/Vorstand-2023-768x346.jpg 768w, https:\/\/wir-sind-merklinde.de\/wp-content\/uploads\/2023\/10\/Vorstand-2023-1536x691.jpg 1536w, https:\/\/wir-sind-merklinde.de\/wp-content\/uploads\/2023\/10\/Vorstand-2023.jpg 1600w\" sizes=\"auto, (max-width: 638px) 100vw, 638px\" \/><\/a><figcaption id=\"caption-attachment-1389\" class=\"wp-caption-text\">Unser Vorstand<\/figcaption><\/figure>\n","protected":false},"excerpt":{"rendered":"<p>Der Vorstand Der Vorstand &#8222;Wir sind Merklinde e.V.&#8220; wurde am 26. Oktober 2023 gew\u00e4hlt und setzt sich wie folgt zusammen: Willi M\u00fcller (Vorsitzender), Reimund Panitz (stellv. Vorsitzender), G\u00fcnter Otto (Schatzmeister), &hellip; <\/p>\n<p class=\"link-more\"><a href=\"https:\/\/wir-sind-merklinde.de\/?page_id=219\" class=\"more-link\"><span class=\"screen-reader-text\">\u201eVorstand\u201c <\/span>weiterlesen<\/a><\/p>\n","protected":false},"author":1,"featured_media":0,"parent":39,"menu_order":1,"comment_status":"closed","ping_status":"closed","template":"","meta":{"footnotes":""},"class_list":["post-219","page","type-page","status-publish","hentry"],"jetpack_sharing_enabled":true,"_links":{"self":[{"href":"https:\/\/wir-sind-merklinde.de\/index.php?rest_route=\/wp\/v2\/pages\/219","targetHints":{"allow":["GET"]}}],"collection":[{"href":"https:\/\/wir-sind-merklinde.de\/index.php?rest_route=\/wp\/v2\/pages"}],"about":[{"href":"https:\/\/wir-sind-merklinde.de\/index.php?rest_route=\/wp\/v2\/types\/page"}],"author":[{"embeddable":true,"href":"https:\/\/wir-sind-merklinde.de\/index.php?rest_route=\/wp\/v2\/users\/1"}],"replies":[{"embeddable":true,"href":"https:\/\/wir-sind-merklinde.de\/index.php?rest_route=%2Fwp%2Fv2%2Fcomments&post=219"}],"version-history":[{"count":7,"href":"https:\/\/wir-sind-merklinde.de\/index.php?rest_route=\/wp\/v2\/pages\/219\/revisions"}],"predecessor-version":[{"id":1391,"href":"https:\/\/wir-sind-merklinde.de\/index.php?rest_route=\/wp\/v2\/pages\/219\/revisions\/1391"}],"up":[{"embeddable":true,"href":"https:\/\/wir-sind-merklinde.de\/index.php?rest_route=\/wp\/v2\/pages\/39"}],"wp:attachment":[{"href":"https:\/\/wir-sind-merklinde.de\/index.php?rest_route=%2Fwp%2Fv2%2Fmedia&parent=219"}],"curies":[{"name":"wp","href":"https:\/\/api.w.org\/{rel}","templated":true}]}}

<h3><strong>Der Vorstand</strong></h3>
<p>Der Vorstand &#8222;Wir sind Merklinde e.V.&#8220; wurde am 26. Oktober 2023 gewählt und setzt sich wie folgt zusammen:</p>
<p>Willi Müller (Vorsitzender), Reimund Panitz (stellv. Vorsitzender), Günter Otto (Schatzmeister), Michael Fischer (stellv. Schatzmeister) und Edeltraud Kluft (Schriftführerin)</p>
<p><strong>Mitglieder des Beisitzes </strong></p>
<p>Silke Berten-Buchwald, Melissa Fischer, Volker Gadda, Oliver Kaumanns, Uwe Manthey, Frauke Otto, Martin Schröder und Brigitte Spieckermann</p>
<figure id="attachment_1389" aria-describedby="caption-attachment-1389" style="width: 638px" class="wp-caption aligncenter"><a href="https://wir-sind-merklinde.de/wp-content/uploads/2023/10/Vorstand-2023.jpg"><img loading="lazy" decoding="async" class=" wp-image-1389" src="https://wir-sind-merklinde.de/wp-content/uploads/2023/10/Vorstand-2023-300x135.jpg" alt="" width="638" height="287" srcset="https://wir-sind-merklinde.de/wp-content/uploads/2023/10/Vorstand-2023-300x135.jpg 300w, https://wir-sind-merklinde.de/wp-content/uploads/2023/10/Vorstand-2023-1024x461.jpg 1024w, https://wir-sind-merklinde.de/wp-content/uploads/2023/10/Vorstand-2023-768x346.jpg 768w, https://wir-sind-merklinde.de/wp-content/uploads/2023/10/Vorstand-2023-1536x691.jpg 1536w, https://wir-sind-merklinde.de/wp-content/uploads/2023/10/Vorstand-2023.jpg 1600w" sizes="auto, (max-width: 638px) 100vw, 638px" /></a><figcaption id="caption-attachment-1389" class="wp-caption-text">Unser Vorstand</figcaption></figure>

<p>Der Vorstand Der Vorstand &#8222;Wir sind Merklinde e.V.&#8220; wurde am 26. Oktober 2023 gewählt und setzt sich wie folgt zusammen: Willi Müller (Vorsitzender), Reimund Panitz (stellv. Vorsitzender), Günter Otto (Schatzmeister), &hellip; </p>
<p class="link-more"><a href="https://wir-sind-merklinde.de/?page_id=219" class="more-link"><span class="screen-reader-text">„Vorstand“ </span>weiterlesen</a></p>
